se
Is 218 a factor of 22463655?
False
Does 106 divide 3156833382?
True
Is 13 a factor of 605547368?
False
Is 35439009 a multiple of 2125?
False
Does 26 divide 100863854?
True
Is 87 a factor of 85652104?
False
Is 93749328 a multiple of 9?
True
Does 439 divide 62451123?
False
Is 485 a factor of 239141698?
False
Does 188 divide 720839564?
True
Is 6 a factor of 158199602?
False
Is 1878 a factor of 220098?
False
Does 68 divide 3352054?
False
Is 1997686240 a multiple of 44?
True
Is 13545414 a multiple of 18?
True
Is 184 a factor of 47906947?
False
Is 148 a factor of 281125477?
False
Is 13 a factor of 328261635?
True
Is 21238668 a multiple of 99?
True
Is 6 a factor of 41899728?
True
Does 5 divide 11635045?
True
Is 16 a factor of 3725440?
True
Does 2037 divide 134098179?
False
Does 34 divide 347167957?
False
Is 25814699 a multiple of 6?
False
Is 13 a factor of 937222129?
False
Is 21229751 a multiple of 1675?
False
Is 205 a factor of 22053900?
True
Does 142 divide 2010938?
False
Is 212 a factor of 4328255600?
True
Is 75685136 a multiple of 522?
False
Is 27 a factor of 123872733?
True
Does 561 divide 99194012?
False
Is 1610 a factor of 296454311?
False
Is 27 a factor of 3118811?
False
Does 7 divide 1507198802?
False
Is 14417040 a multiple of 172?
True
Does 2292 divide 3934916?
False
Is 57507380 a multiple of 2828?
True
Does 20 divide 259051448?
False
Is 1004 a factor of 1229431132?
True
Is 35 a factor of 38071003?
False
Does 13 divide 89240752?
False
Is 114630510 a multiple of 618?
False
Is 1779534546 a multiple of 4957?
False
Is 364028 a multiple of 3?
False
Is 125 a factor of 21437500?
True
Does 3582 divide 22418971?
False
Does 743 divide 84288552?
False
Does 75 divide 670615050?
True
Does 3947 divide 59133954?
True
Is 1963372481 a multiple of 828?
False
Does 183 divide 17644940?
False
Is 197 a factor of 17935274?
True
Is 246353764 a multiple of 3076?
True
Is 200558520 a multiple of 2040?
True
Does 93 divide 1219788?
True
Is 78 a factor of 1263964104?
True
Does 832 divide 88999838?
False
Is 50245932 a multiple of 33?
True
Is 488324533 a multiple of 1337?
False
Does 191 divide 802191326?
False
Is 318651776 a multiple of 16?
True
Is 472 a factor of 1554941696?
True
Does 120 divide 134270527?
False
Does 483 divide 81191334?
True
Is 130 a factor of 16236796?
False
Is 387 a factor of 342443529?
True
Is 1221374511 a multiple of 171?
True
Is 2371862145 a multiple of 231?
False
Does 94 divide 829710523?
False
Is 23581848 a multiple of 86?
False
Is 25748484 a multiple of 514?
False
Is 2706651383 a multiple of 8?
False
Does 39 divide 9051937?
False
Is 22654073 a multiple of 242?
False
Is 9 a factor of 49605979?
False
Does 29 divide 31642393?
True
Is 14 a factor of 231576244?
False
Is 10 a factor of 579015189?
False
Is 526 a factor of 994801182?
True
Is 1817 a factor of 244597091?
False
Is 4270 a factor of 1877113350?
True
Is 15401707 a multiple of 539?
False
Does 28 divide 209689527?
False
Does 46 divide 697367222?
True
Does 248 divide 61885136?
False
Does 3 divide 94023225?
True
Is 13 a factor of 41222449?
False
Is 371212800 a multiple of 800?
True
Is 2961240 a multiple of 10?
True
Is 14878128 a multiple of 136?
True
Is 173 a factor of 24711310?
False
Does 8 divide 2165194336?
True
Is 655236516 a multiple of 44?
True
Is 41 a factor of 10015234?
True
Is 42967833 a multiple of 12?
False
Is 165048368 a multiple of 482?
True
Is 743969887 a multiple of 1340?
False
Is 750501604 a multiple of 31?
False
Is 19706760 a multiple of 639?
True
Is 195836391 a multiple of 261?
True
Does 28 divide 17241283?
False
Is 749 a factor of 9531021?
False
Does 7 divide 727896561?
True
Is 45742608 a multiple of 48?
True
Is 738453531 a multiple of 291?
True
Does 27 divide 3719007?
True
Does 22 divide 234333685?
False
Does 44 divide 521254692?
False
Is 5003 a factor of 946364285?
False
Is 188735132 a multiple of 722?
True
Does 273 divide 179922850?
False
Does 923 divide 3246988105?
False
Is 557 a factor of 1541796052?
True
Is 121843751 a multiple of 67?
False
Is 19270636 a multiple of 133?
True
Is 224185625 a multiple of 25?
True
Is 3256 a factor of 151879376?
True
Is 2469 a factor of 95612025?
True
Does 323 divide 347644971?
False
Does 1315 divide 798596181?
False
Is 286872550 a multiple of 125?
False
Is 35 a factor of 670131910?
True
Is 18 a factor of 97773138?
True
Is 438 a factor of 89791752?
True
Does 27 divide 109322043?
False
Is 84610680 a multiple of 60?
True
Is 517 a factor of 204466917?
False
Does 3114 divide 1093443732?
True
Does 282 divide 88925626?
False
Does 23 divide 92799227?
True
Does 101 divide 468198?
False
Is 2414944704 a multiple of 1347?
True
Is 56 a factor of 159841733?
False
Is 132717748 a multiple of 6558?
False
Is 15 a factor of 38543625?
True
Is 19220039 a multiple of 13?
False
Is 3958636 a multiple of 121?
True
Is 71796214 a multiple of 6?
False
Is 808 a factor of 465452440?
True
Does 404 divide 179589033?
False
Does 1023 divide 325700694?
True
Does 22 divide 25241898?
True
Is 12 a factor of 436431997?
False
Does 25 divide 6704318950?
True
Is 13558199 a multiple of 2?
False
Is 6 a factor of 11979951?
False
Does 1239 divide 4903520?
False
Is 1708 a factor of 319039028?
True
Does 120 divide 65157480?
True
Is 798 a factor of 81582732?
True
Is 1087076912 a multiple of 81?
False
Is 3686 a factor of 3359287592?
False
Is 33018700 a multiple of 1300?
True
Does 15 divide 885028230?
True
Does 1815 divide 1486183710?
True
Is 227 a factor of 381773367?
True
Does 129 divide 68300903?
False
Does 284 divide 18860724?
True
Is 121147363 a multiple of 8?
False
Does 217 divide 40955912?
False
Is 2208358008 a multiple of 206?
False
Is 149 a factor of 121156227?
False
Is 58 a factor of 733932?
True
Does 42 divide 260010330?
False
Is 225 a factor of 8389336?
False
Is 2290630703 a multiple of 20?
False
Is 41933219 a multiple of 504?
False
Is 59 a factor of 1975902?
False
Is 126554245 a multiple of 46?
False
Is 110093936 a multiple of 43?
False
Does 15 divide 157785790?
False
Is 2934 a factor of 858315740?
False
Does 399 divide 4894622775?
True
Does 3 divide 168432373?
False
Is 284 a factor of 22528300?
True
Is 37 a factor of 207073867?
True
Is 395020780 a multiple of 154?
True
Is 80 a factor of 539155454?
False
Is 73769627 a multiple of 18?
False
Does 675 divide 2132655708?
False
Is 29603834 a multiple of 26?
True
Does 447 divide 1320461295?
False
Is 508237848 a multiple of 1647?
True
Is 36542320 a multiple of 20?
True
Is 582 a factor of 74522491?
False
Does 104 divide 122143944?
True
Is 3414 a factor of 1330097094?
False
Is 37 a factor of 4643623?
False
Is 2170120 a multiple of 2565?
False
Does 214 divide 3824111?
False
Does 941 divide 41864895?
False
Is 143 a factor of 94933365?
False
Does 12 divide 1334222526?
False
Is 132 a factor of 176569536?
True
Is 29 a factor of 249273966?
True
Does 172 divide 33928465?
False
Is 1307 a factor of 149527904?
False
Is 56 a factor of 107366616?
True
Is 67466264 a multiple of 472?
True
Does 41 divide 6701622?
False
Is 13406570 a multiple of 310?
True
Is 1428106662 a multiple of 1366?
False
Is 52 a factor of 1351295660?
True
Is 408 a factor of 302783736?
True
Is 10528 a factor of 403253984?
True
Does 2210 divide 71466980?
True
Is 272004919 a multiple of 48?
False
Is 912 a factor of 30221043?
False
Does 14 divide 478573676?
True
Does 73 divide 61127802?
False
Does 957 divide 17500659?
True
Is 47294685 a multiple of 176?
False
Is 65038076 a multiple of 837?
False
Is 59863428 a multiple of 6?
True
Is 73009914 a multiple of 22?
False
Is 47 a factor of 1183943066?
True
Is 55234125 a multiple of 145?
True
Is 78373395 a multiple of 1103?
False
Does 1680 divide 82936560?
True
Is 44 a factor of 543964264?
False
Does 39 divide 119406556?
False
Is 3 a factor of 158070374?
False
Is 538360572 a multiple of 25?
False
Does 22 divide 63440692?
False
Is 7437 a factor of 819215298?
True
Is 43041335 a multiple of 1024?
False
Is 1174 a factor of 3687867416?
True
Does 14 divide 1321563901?
False
Is 586521982 a multiple of 1332?
False
Does 86 divide 66409621?
False
Is 3546 a factor of 209352294?
True
Is 195164504 a multiple of 1159?
False
Is 21 a factor of 73240671?
True
Is 120 a factor of 22246190?
False
Is 5994785 a multiple of 19?
True
Is 30105335 a multiple o